{"id":1432,"date":"2024-03-18T16:32:21","date_gmt":"2024-03-18T16:32:21","guid":{"rendered":"https:\/\/delafuentestudio.com\/?post_type=product&#038;p=1432"},"modified":"2025-12-10T17:53:00","modified_gmt":"2025-12-10T17:53:00","slug":"collar-perlas-de-corazon","status":"publish","type":"product","link":"https:\/\/delafuentestudio.com\/index.php\/producto\/collar-perlas-de-corazon\/","title":{"rendered":"COLLAR MINI CORAZ\u00d3N"},"content":{"rendered":"<p>Lleg\u00f3 un 14 de Febrero.<\/p>\n<p>Es tan imponente y delicado que no pas\u00f3 inadvertido&#8230;<\/p>\n<p>Lleg\u00f3 para quedarse y hoy, forma parte importante de nuestra familia.<\/p>\n<p>S\u00edmbolo de amor y cari\u00f1o por excelencia, se posiciona como una de nuestras piezas favoritas ***con mensaje***<\/p>\n<p>Perfecto para un regalo especial porqu\u00e9 no, todos los d\u00edas del a\u00f1o.<\/p>\n<p>&nbsp;<\/p>\n<p>Detalles:<\/p>\n<ul>\n<li>Material: Plata de Ley con ba\u00f1o de Oro Amarillo de 24 quilates, perlas de agua dulce y cristal.<\/li>\n<li>Coraz\u00f3n con incrustaciones de perlas y cristal.<\/li>\n<li>Medidas: 36,5 cm de contorno de cuello m\u00e1s 5 cm de alargador<\/li>\n<li>Medidas Coraz\u00f3n: 2,2 cm x 2,2 cm<\/li>\n<\/ul>\n<p>Fabricaci\u00f3n:<\/p>\n<ul>\n<li>Esta pieza es un Dise\u00f1o exclusivo de Delafuente<\/li>\n<li>Hecho en Almer\u00eda.<\/li>\n<\/ul>\n<p><a href=\"https:\/\/delafuentestudio.com\/index.php\/limpieza-y-cuidados\/\">LIMPIEZA Y CUIDADOS<\/a><\/p>\n<p><a href=\"https:\/\/delafuentestudio.com\/index.php\/guia-de-tallas\/\">GUIA DE TALLAS<\/a><\/p>\n","protected":false},"excerpt":{"rendered":"<p>Lleg\u00f3 un 14 de Febrero. Es tan imponente y delicado que no pas\u00f3 inadvertido&#8230; Lleg\u00f3 para quedarse y hoy, forma parte importante de nuestra familia. S\u00edmbolo de amor y cari\u00f1o por excelencia, se posiciona como una de nuestras piezas favoritas ***con mensaje*** Perfecto para un regalo especial porqu\u00e9 no, todos los d\u00edas del a\u00f1o. &nbsp; [&hellip;]<\/p>\n","protected":false},"featured_media":1507,"template":"","meta":{"_uag_custom_page_level_css":"","site-sidebar-layout":"default","site-content-layout":"default","ast-site-content-layout":"default","site-content-style":"default","site-sidebar-style":"default","ast-global-header-display":"","ast-banner-title-visibility":"","ast-main-header-display":"","ast-hfb-above-header-display":"","ast-hfb-below-header-display":"","ast-hfb-mobile-header-display":"","site-post-title":"","ast-breadcrumbs-content":"","ast-featured-img":"","footer-sml-layout":"","theme-transparent-header-meta":"default","adv-header-id-meta":"","stick-header-meta":"","header-above-stick-meta":"","header-main-stick-meta":"","header-below-stick-meta":"","astra-migrate-meta-layouts":"set","ast-page-background-enabled":"default","ast-page-background-meta":{"desktop":{"background-color":"var(--ast-global-color-4)","background-image":"","background-repeat":"repeat","background-position":"center center","background-size":"auto","background-attachment":"scroll","background-type":"","background-media":"","overlay-type":"","overlay-color":"","overlay-opacity":"","overlay-gradient":""},"tablet":{"background-color":"","background-image":"","background-repeat":"repeat","background-position":"center center","background-size":"auto","background-attachment":"scroll","background-type":"","background-media":"","overlay-type":"","overlay-color":"","overlay-opacity":"","overlay-gradient":""},"mobile":{"background-color":"","background-image":"","background-repeat":"repeat","background-position":"center center","background-size":"auto","background-attachment":"scroll","background-type":"","background-media":"","overlay-type":"","overlay-color":"","overlay-opacity":"","overlay-gradient":""}},"ast-content-background-meta":{"desktop":{"background-color":"var(--ast-global-color-5)","background-image":"","background-repeat":"repeat","background-position":"center center","background-size":"auto","background-attachment":"scroll","background-type":"","background-media":"","overlay-type":"","overlay-color":"","overlay-opacity":"","overlay-gradient":""},"tablet":{"background-color":"var(--ast-global-color-5)","background-image":"","background-repeat":"repeat","background-position":"center center","background-size":"auto","background-attachment":"scroll","background-type":"","background-media":"","overlay-type":"","overlay-color":"","overlay-opacity":"","overlay-gradient":""},"mobile":{"background-color":"var(--ast-global-color-5)","background-image":"","background-repeat":"repeat","background-position":"center center","background-size":"auto","background-attachment":"scroll","background-type":"","background-media":"","overlay-type":"","overlay-color":"","overlay-opacity":"","overlay-gradient":""}}},"product_brand":[],"product_cat":[22],"product_tag":[],"class_list":{"0":"post-1432","1":"product","2":"type-product","3":"status-publish","4":"has-post-thumbnail","6":"product_cat-collares","7":"desktop-align-center","8":"tablet-align-left","9":"mobile-align-left","11":"first","12":"outofstock","13":"taxable","14":"shipping-taxable","15":"purchasable","16":"product-type-simple"},"uagb_featured_image_src":{"full":["https:\/\/delafuentestudio.com\/wp-content\/uploads\/2024\/03\/002.jpg",1440,1800,false],"thumbnail":["https:\/\/delafuentestudio.com\/wp-content\/uploads\/2024\/03\/002-150x150.jpg",150,150,true],"medium":["https:\/\/delafuentestudio.com\/wp-content\/uploads\/2024\/03\/002-240x300.jpg",240,300,true],"medium_large":["https:\/\/delafuentestudio.com\/wp-content\/uploads\/2024\/03\/002-768x960.jpg",768,960,true],"large":["https:\/\/delafuentestudio.com\/wp-content\/uploads\/2024\/03\/002-819x1024.jpg",819,1024,true],"1536x1536":["https:\/\/delafuentestudio.com\/wp-content\/uploads\/2024\/03\/002-1229x1536.jpg",1229,1536,true],"2048x2048":["https:\/\/delafuentestudio.com\/wp-content\/uploads\/2024\/03\/002.jpg",1440,1800,false],"woocommerce_thumbnail":["https:\/\/delafuentestudio.com\/wp-content\/uploads\/2024\/03\/002-300x300.jpg",300,300,true],"woocommerce_single":["https:\/\/delafuentestudio.com\/wp-content\/uploads\/2024\/03\/002-600x750.jpg",600,750,true],"woocommerce_gallery_thumbnail":["https:\/\/delafuentestudio.com\/wp-content\/uploads\/2024\/03\/002-100x100.jpg",100,100,true]},"uagb_author_info":{"display_name":"delafuentestudio.info","author_link":"https:\/\/delafuentestudio.com\/index.php\/author\/"},"uagb_comment_info":0,"uagb_excerpt":"Lleg\u00f3 un 14 de Febrero. Es tan imponente y delicado que no pas\u00f3 inadvertido&#8230; Lleg\u00f3 para quedarse y hoy, forma parte importante de nuestra familia. S\u00edmbolo de amor y cari\u00f1o por excelencia, se posiciona como una de nuestras piezas favoritas ***con mensaje*** Perfecto para un regalo especial porqu\u00e9 no, todos los d\u00edas del a\u00f1o. &nbsp;&hellip;","jetpack_sharing_enabled":true,"_links":{"self":[{"href":"https:\/\/delafuentestudio.com\/index.php\/wp-json\/wp\/v2\/product\/1432","targetHints":{"allow":["GET"]}}],"collection":[{"href":"https:\/\/delafuentestudio.com\/index.php\/wp-json\/wp\/v2\/product"}],"about":[{"href":"https:\/\/delafuentestudio.com\/index.php\/wp-json\/wp\/v2\/types\/product"}],"version-history":[{"count":5,"href":"https:\/\/delafuentestudio.com\/index.php\/wp-json\/wp\/v2\/product\/1432\/revisions"}],"predecessor-version":[{"id":1508,"href":"https:\/\/delafuentestudio.com\/index.php\/wp-json\/wp\/v2\/product\/1432\/revisions\/1508"}],"wp:featuredmedia":[{"embeddable":true,"href":"https:\/\/delafuentestudio.com\/index.php\/wp-json\/wp\/v2\/media\/1507"}],"wp:attachment":[{"href":"https:\/\/delafuentestudio.com\/index.php\/wp-json\/wp\/v2\/media?parent=1432"}],"wp:term":[{"taxonomy":"product_brand","embeddable":true,"href":"https:\/\/delafuentestudio.com\/index.php\/wp-json\/wp\/v2\/product_brand?post=1432"},{"taxonomy":"product_cat","embeddable":true,"href":"https:\/\/delafuentestudio.com\/index.php\/wp-json\/wp\/v2\/product_cat?post=1432"},{"taxonomy":"product_tag","embeddable":true,"href":"https:\/\/delafuentestudio.com\/index.php\/wp-json\/wp\/v2\/product_tag?post=1432"}],"curies":[{"name":"wp","href":"https:\/\/api.w.org\/{rel}","templated":true}]}}