{"id":887,"date":"2023-05-09T17:20:03","date_gmt":"2023-05-09T17:20:03","guid":{"rendered":"https:\/\/delafuentestudio.com\/?page_id=887"},"modified":"2023-05-10T16:54:25","modified_gmt":"2023-05-10T16:54:25","slug":"limpieza-y-cuidados","status":"publish","type":"page","link":"https:\/\/delafuentestudio.com\/index.php\/limpieza-y-cuidados\/","title":{"rendered":"Limpieza y Cuidados"},"content":{"rendered":"\n<div class=\"wp-block-uagb-container uagb-block-97ed1629 alignfull uagb-is-root-container\"><div class=\"uagb-container-inner-blocks-wrap\">\n<div class=\"wp-block-uagb-advanced-heading uagb-block-b76694e5\"><h3 class=\"uagb-heading-text\">LIMPIEZA Y CUIDADOS<\/h3><\/div>\n\n\n\n<div class=\"wp-block-uagb-info-box uagb-block-b01ccde1 uagb-infobox__content-wrap  uagb-infobox-icon-above-title uagb-infobox-image-valign-top\"><div class=\"uagb-ifb-content\"><div class=\"uagb-ifb-title-wrap\"><\/div><p class=\"uagb-ifb-desc\">Tus joyas son delicadas, al ser la plata un metal blando, los enganchones, golpes y torsiones bruscas pueden deformarla, te recomendamos tratarlas con delicadeza.<br>Sobre la plata aplicamos una capa de Oro, ya sea amarillo de 24 quilates o rosa de 18 quilates. Para proteger el ba\u00f1o de Oro evita ducharte con ella puesta, el agua ayudar\u00e1 a que el oro se desgaste. <br>Evita tambi\u00e9n el contacto con perfumes, jabones, cremas o cualquier producto qu\u00edmico, para ello te aconsejamos que te coloques tu pieza siempre despu\u00e9s de aplicarlos.<br>Ten en cuenta que tanto el PH de la piel como el propio ambiente tiende a oxidar los metales, sobre todo la plata y el oro rosa.<br>Si notas tu pieza ligeramente oscurecida puedes limpiarla suavemente con la gamuza que las acompa\u00f1a.<br>Para evitar esta oxidaci\u00f3n te recomendamos guardar la pieza en su caja original, con el fin de protegerla de posibles roces, de la luz y de la humedad.<br>Si lo necesitas, ofrecemos un servicio de ba\u00f1o de Oro con bajo coste sin fecha l\u00edmite, solo debes ponerte<br>en contacto con nosotros y te informaremos de como tramitarlo.<\/p><\/div><\/div>\n<\/div><\/div>\n","protected":false},"excerpt":{"rendered":"<p>LIMPIEZA Y CUIDADOS<\/p>\n","protected":false},"author":1,"featured_media":0,"parent":0,"menu_order":0,"comment_status":"closed","ping_status":"closed","template":"","meta":{"_uag_custom_page_level_css":"","site-sidebar-layout":"default","site-content-layout":"","ast-site-content-layout":"default","site-content-style":"default","site-sidebar-style":"default","ast-global-header-display":"","ast-banner-title-visibility":"","ast-main-header-display":"","ast-hfb-above-header-display":"","ast-hfb-below-header-display":"","ast-hfb-mobile-header-display":"","site-post-title":"","ast-breadcrumbs-content":"","ast-featured-img":"","footer-sml-layout":"","theme-transparent-header-meta":"","adv-header-id-meta":"","stick-header-meta":"","header-above-stick-meta":"","header-main-stick-meta":"","header-below-stick-meta":"","astra-migrate-meta-layouts":"default","ast-page-background-enabled":"default","ast-page-background-meta":{"desktop":{"background-color":"var(--ast-global-color-4)","background-image":"","background-repeat":"repeat","background-position":"center center","background-size":"auto","background-attachment":"scroll","background-type":"","background-media":"","overlay-type":"","overlay-color":"","overlay-opacity":"","overlay-gradient":""},"tablet":{"background-color":"","background-image":"","background-repeat":"repeat","background-position":"center center","background-size":"auto","background-attachment":"scroll","background-type":"","background-media":"","overlay-type":"","overlay-color":"","overlay-opacity":"","overlay-gradient":""},"mobile":{"background-color":"","background-image":"","background-repeat":"repeat","background-position":"center center","background-size":"auto","background-attachment":"scroll","background-type":"","background-media":"","overlay-type":"","overlay-color":"","overlay-opacity":"","overlay-gradient":""}},"ast-content-background-meta":{"desktop":{"background-color":"var(--ast-global-color-5)","background-image":"","background-repeat":"repeat","background-position":"center center","background-size":"auto","background-attachment":"scroll","background-type":"","background-media":"","overlay-type":"","overlay-color":"","overlay-opacity":"","overlay-gradient":""},"tablet":{"background-color":"var(--ast-global-color-5)","background-image":"","background-repeat":"repeat","background-position":"center center","background-size":"auto","background-attachment":"scroll","background-type":"","background-media":"","overlay-type":"","overlay-color":"","overlay-opacity":"","overlay-gradient":""},"mobile":{"background-color":"var(--ast-global-color-5)","background-image":"","background-repeat":"repeat","background-position":"center center","background-size":"auto","background-attachment":"scroll","background-type":"","background-media":"","overlay-type":"","overlay-color":"","overlay-opacity":"","overlay-gradient":""}},"footnotes":""},"class_list":["post-887","page","type-page","status-publish","hentry"],"uagb_featured_image_src":{"full":false,"thumbnail":false,"medium":false,"medium_large":false,"large":false,"1536x1536":false,"2048x2048":false,"woocommerce_thumbnail":false,"woocommerce_single":false,"woocommerce_gallery_thumbnail":false},"uagb_author_info":{"display_name":"delafuentestudio.info","author_link":"https:\/\/delafuentestudio.com\/index.php\/author\/delafuentestudio-info\/"},"uagb_comment_info":0,"uagb_excerpt":"LIMPIEZA Y CUIDADOS","jetpack_sharing_enabled":true,"_links":{"self":[{"href":"https:\/\/delafuentestudio.com\/index.php\/wp-json\/wp\/v2\/pages\/887","targetHints":{"allow":["GET"]}}],"collection":[{"href":"https:\/\/delafuentestudio.com\/index.php\/wp-json\/wp\/v2\/pages"}],"about":[{"href":"https:\/\/delafuentestudio.com\/index.php\/wp-json\/wp\/v2\/types\/page"}],"author":[{"embeddable":true,"href":"https:\/\/delafuentestudio.com\/index.php\/wp-json\/wp\/v2\/users\/1"}],"replies":[{"embeddable":true,"href":"https:\/\/delafuentestudio.com\/index.php\/wp-json\/wp\/v2\/comments?post=887"}],"version-history":[{"count":13,"href":"https:\/\/delafuentestudio.com\/index.php\/wp-json\/wp\/v2\/pages\/887\/revisions"}],"predecessor-version":[{"id":956,"href":"https:\/\/delafuentestudio.com\/index.php\/wp-json\/wp\/v2\/pages\/887\/revisions\/956"}],"wp:attachment":[{"href":"https:\/\/delafuentestudio.com\/index.php\/wp-json\/wp\/v2\/media?parent=887"}],"curies":[{"name":"wp","href":"https:\/\/api.w.org\/{rel}","templated":true}]}}